14 a multiple of 9?
False
Is 89 a factor of 91000907?
False
Is 922868916 a multiple of 6?
True
Is 1180267116 a multiple of 98?
True
Is 445 a factor of 3052043180?
True
Does 216 divide 10511856?
True
Does 14 divide 1115831405?
False
Is 842 a factor of 32773166?
True
Does 130 divide 361071530?
False
Does 57 divide 1170165764?
False
Does 204 divide 13940340?
True
Is 46011420 a multiple of 9?
True
Is 11 a factor of 368375238?
True
Is 7703589 a multiple of 3?
True
Is 4 a factor of 51407076?
True
Does 25 divide 77005650?
True
Is 43844602 a multiple of 245?
False
Does 11 divide 132947254?
True
Is 68 a factor of 12277112?
False
Does 1921 divide 139669992?
False
Is 398389719 a multiple of 329?
True
Is 10 a factor of 83675100?
True
Does 86 divide 20622112?
True
Is 27 a factor of 23543932?
False
Is 199 a factor of 69369414?
False
Does 1170 divide 1063530?
True
Does 256 divide 32180224?
True
Is 6834807 a multiple of 3?
True
Is 130050806 a multiple of 104?
False
Is 10 a factor of 1000561670?
True
Is 359230939 a multiple of 33?
False
Does 508 divide 447947667?
False
Is 21 a factor of 114046566?
False
Does 6533 divide 1046900184?
True
Does 24 divide 95815871?
False
Does 17 divide 82251270?
True
Is 101 a factor of 135746929?
True
Is 87 a factor of 28937592?
True
Is 8 a factor of 7717072?
True
Is 56550908 a multiple of 126?
False
Is 258820287 a multiple of 11?
True
Is 581029358 a multiple of 3263?
True
Does 2626 divide 1719018352?
False
Is 9 a factor of 45323721?
True
Is 40 a factor of 2279518320?
True
Is 25 a factor of 126700925?
True
Is 244678312 a multiple of 1084?
True
Is 30390060 a multiple of 20?
True
Is 233 a factor of 512065032?
True
Is 3288 a factor of 250834944?
True
Does 26 divide 91521634?
False
Is 80510394 a multiple of 25?
False
Is 195334922 a multiple of 161?
False
Is 1514004 a multiple of 284?
True
Does 17 divide 111182207?
False
Is 238 a factor of 437747688?
True
Is 96131698 a multiple of 26?
True
Is 422129892 a multiple of 444?
True
Is 391 a factor of 305119196?
True
Is 14564618 a multiple of 1021?
False
Is 30 a factor of 5826370470?
True
Is 52 a factor of 747511492?
True
Is 11469672 a multiple of 1322?
True
Is 14 a factor of 2612466472?
True
Is 18389790 a multiple of 18?
True
Does 28 divide 130740410?
False
Is 138 a factor of 303605520?
True
Is 1199 a factor of 615239273?
True
Does 458 divide 756939348?
True
Is 225110432 a multiple of 204?
False
Is 552 a factor of 1953872448?
True
Is 20391034 a multiple of 184?
False
Is 23134800 a multiple of 20?
True
Is 2063380711 a multiple of 14?
False
Does 32 divide 2886397888?
True
Does 30 divide 306371540?
False
Is 4797672320 a multiple of 69?
False
Is 1898048 a multiple of 32?
True
Is 901 a factor of 52402160?
True
Does 19 divide 47186215?
True
Does 56 divide 71336328?
True
Is 1437 a factor of 594644970?
True
Does 150 divide 93516762?
False
Does 17 divide 1099651494?
True
Is 14 a factor of 38234473?
False
Does 16 divide 161130079?
False
Does 224 divide 79853760?
True
Is 6171544 a multiple of 17?
True
Is 283107045 a multiple of 15?
True
Is 545 a factor of 34933300?
False
Is 212 a factor of 1372276?
True
Is 61745964 a multiple of 12?
True
Does 4187 divide 744528153?
True
Is 294193062 a multiple of 16?
False
Is 25 a factor of 37198209?
False
Does 3613 divide 48887503?
True
Is 1341969122 a multiple of 26?
True
Is 22 a factor of 4682949343?
False
Does 48 divide 1099375087?
False
Is 260101140 a multiple of 5070?
True
Is 920312765 a multiple of 83?
False
Is 6170 a factor of 557644600?
True
Is 25 a factor of 119822458?
False
Does 3991 divide 99623342?
True
Is 1083148 a multiple of 29?
False
Is 7 a factor of 114266201?
True
Does 21 divide 163855231?
False
Is 9 a factor of 371643255?
True
Does 734 divide 14565496?
True
Is 473292671 a multiple of 207?
False
Is 29 a factor of 107855466?
True
Is 16 a factor of 192980934?
False
Is 91 a factor of 2276697293?
False
Is 84083328 a multiple of 63?
True
Does 28 divide 34266120?
True
Is 47903406 a multiple of 3386?
False
Is 8 a factor of 81109016?
True
Does 45 divide 238551016?
False
Is 775102433 a multiple of 13?
False
Does 5 divide 16456200?
True
Does 1735 divide 60642976?
False
Is 14 a factor of 159274822?
True
Does 257 divide 26091668?
True
Is 1066181066 a multiple of 3546?
False
Is 6 a factor of 1057701420?
True
Does 2569 divide 381845884?
True
Is 10843669 a multiple of 18?
False
Is 711991852 a multiple of 898?
False
Does 586 divide 8897447?
False
Is 73901560 a multiple of 1548?
False
Does 4 divide 5706055?
False
Does 7 divide 17824289?
True
Is 242 a factor of 1037491010?
False
Is 30351875 a multiple of 41?
False
Does 24 divide 562191675?
False
Is 122 a factor of 216726901?
False
Is 4419644 a multiple of 91?
False
Does 708 divide 53428010?
False
Is 5536616361 a multiple of 10489?
False
Is 40 a factor of 58727098?
False
Does 392 divide 376383504?
True
Is 35 a factor of 957816099?
False
Is 6207795 a multiple of 33?
True
Is 526709757 a multiple of 2386?
False
Does 15 divide 4493851?
False
Does 172 divide 51621672?
True
Does 249 divide 1100997324?
True
Is 95 a factor of 81126241?
False
Does 42 divide 5920488?
True
Is 15169014 a multiple of 51?
False
Is 3 a factor of 72631835?
False
Is 31076914 a multiple of 279?
False
Is 8 a factor of 17511944?
True
Does 56 divide 10523968?
True
Is 11 a factor of 380037119?
True
Is 1783 a factor of 64430488?
True
Does 6 divide 154326962?
False
Is 13 a factor of 51875642?
True
Is 6239868608 a multiple of 148?
False
Is 291252753 a multiple of 882?
False
Is 3015729 a multiple of 228?
False
Does 1017 divide 274190795?
False
Is 5075 a factor of 522128576?
False
Is 2123426346 a multiple of 51?
False
Does 35 divide 64365855?
False
Is 1427 a factor of 291471873?
False
Does 284 divide 1528474960?
False
Does 5857 divide 1592729152?
True
Does 12 divide 6297005?
False
Is 74 a factor of 98070202?
True
Is 501692982 a multiple of 19?
False
Does 3490 divide 594877480?
True
Is 220741379 a multiple of 1517?
False
Is 6889028 a multiple of 131?
True
Is 58071762 a multiple of 1291?
True
Does 1045 divide 95565250?
True
Is 216 a factor of 949556088?
True
Is 555 a factor of 73838094?
False
Is 55741628 a multiple of 8?
False
Is 965 a factor of 17178940?
False
Is 1217 a factor of 71875243?
False
Is 916 a factor of 39036649?
False
Is 1234 a factor of 1002308725?
False
Does 7165 divide 594897137?
False
Does 310 divide 61047756?
False
Is 445 a factor of 93123869?
False
Is 596647 a multiple of 367?
False
Does 163 divide 24268756?
False
Does 18 divide 1279781983?
False
Is 21610448 a multiple of 16?
True
Is 63 a factor of 1302876505?
False
Is 130919646 a multiple of 13?
True
Is 132 a factor of 94995710?
False
Does 422 divide 368723766?
True
Is 18 a factor of 305232534?
True
Is 273953768 a multiple of 362?
False
Is 14446719 a multiple of 833?
True
Is 9544845 a multiple of 663?
False
Does 650 divide 71040039?
False
Is 2406 a factor of 685454964?
True
Is 690034389 a multiple of 1133?
True
Is 4 a factor of 3868171?
False
Is 1916 a factor of 74615818?
False
Is 17868732 a multiple of 1333?
False
Is 106 a factor of 6504022518?
True
Is 8054340 a multiple of 21?
True
Does 117 divide 23915151?
True
Does 145 divide 87938641?
False
Does 966 divide 21015330?
True
Is 261781520 a multiple of 176?
True
Does 432 divide 610460900?
False
Does 34 divide 217467706?
True
Is 8 a factor of 183370515?
False
Is 430587257 a multiple of 550?
False
Does 268 divide 29963004?
False
Is 21812434 even?
True
Is 27 a factor of 589866649?
False
Does 17 divide 38787286?
False
Is 45 a factor of 100892145?
False
Is 124865424 a multiple of 144?
True
Does 129 divide 17502849?
True
Is 50989141 a multiple of 149?
True
Is 246639816 a multiple of 27?
True
Is 322138560 a multiple of 20?
True
Is 328323612 a multiple of 263?
False
Does 10 divide 448491305?
False
Is 41 a factor of 595556488?
True
Is 487412399 a multiple of 1978?
False
Is 2261 a factor of 670020218?
True
Does 46 divide 629832?
True
Is 63676200 a multiple of 12?
True
Does 255 divide 5210309?
False
Does 841 divide 17100247?
False
Is 92738778 a multiple of 169?
False
Is 859 a factor of 167516706?
False
Is 1024 a factor of 3389716543?
False
Is 3572977657 a multiple of 773?
False
Is 65 a factor of 76470550?
True
Is 10098912 a multiple of 708?
True
Is 5